{"id":851,"date":"2024-09-23T16:03:02","date_gmt":"2024-09-23T14:03:02","guid":{"rendered":"https:\/\/e-pomoc.pl\/?page_id=851"},"modified":"2024-09-29T20:04:47","modified_gmt":"2024-09-29T18:04:47","slug":"punkty-medyczne-gastronomiczne-dystrybucyjne-i-informacyjne","status":"publish","type":"page","link":"https:\/\/e-pomoc.pl\/?page_id=851","title":{"rendered":"Punkty medyczne,  gastronomiczne, dystrybucyjne i informacyjne"},"content":{"rendered":"\n<h2 class=\"wp-block-heading\">Punkty medyczne<\/h2>\n\n\n\n<p><strong>L\u0104DEK-ZDR\u00d3J:<\/strong><br>PUNKT MEDYCZNY URUCHOMIONY W 23 WSZUR &#8211; Kierowa\u0107 si\u0119 do <strong>Pawilonu III<\/strong> (\u017ar\u00f3d\u0142o: <a href=\"https:\/\/ladek.pl\/punkt-medyczny-uruchomiony-w-23-wszur\/\">https:\/\/ladek.pl\/punkt-medyczny-uruchomiony-w-23-wszur\/<\/a>)<\/p>\n\n\n\n<p>Punkt konsultacyjny psychologiczno-psychiatryczny uruchomiony przez 23 Wojskowy Szpital Uzdrowiskowo-Rehabilitacyjny. ul. L\u0105dek Zdr\u00f3j, ul. Orla 3, czynny od poniedzia\u0142ku do pi\u0105tku w godzinach od 9.00 do 13.00 (\u017ar\u00f3d\u0142o: <a href=\"https:\/\/ladek.pl\/23-wszur-uruchamia-punkt-konsultacyjny-psychologiczno-psychiatryczny\/\">https:\/\/ladek.pl\/23-wszur-uruchamia-punkt-konsultacyjny-psychologiczno-psychiatryczny\/<\/a>)<\/p>\n\n\n\n<h2 class=\"wp-block-heading\">Punkty dystrybucyjne<\/h2>\n\n\n\n<p>Je\u015bli chcesz dostarczy\u0107 pomoc osobom, kt\u00f3re dotkn\u0119\u0142a pow\u00f3d\u017a, zr\u00f3b to bezpo\u015brednio pod jeden z poni\u017cszych adres\u00f3w:<\/p>\n\n\n\n<p><strong>Wroc\u0142aw:<\/strong><br>Magazyn Wroc\u0142aw<br>Dolno\u015bl\u0105skie Centrum Druku 3D<br>ul. Tyniecka 2<br>508 256 535<\/p>\n\n\n\n<p><strong>Wa\u0142brzych:<\/strong><br>Magazyn Wa\u0142brzych<br>ul. Villardczyk\u00f3w 17<br>505 894 830<\/p>\n\n\n\n<p><strong>K\u0142odzko:<\/strong><br>Magazyn K\u0142odzko<br>Twierdza K\u0142odzka<br>ul. Nowy \u015awiat<br>885 987 001<\/p>\n\n\n\n<p>To usprawni dzia\u0142ania s\u0142u\u017cb, odci\u0105\u017cy drogi i zapewni lepszy przep\u0142yw pomocy.<\/p>\n\n\n\n<p>\u0179R\u00d3D\u0141O: <a href=\"https:\/\/www.gov.pl\/web\/powodz2024\/zobacz-gdzie-dostarczyc-pomoc-humanitarna\">https:\/\/www.gov.pl\/web\/powodz2024\/zobacz-gdzie-dostarczyc-pomoc-humanitarna<\/a><\/p>\n\n\n\n<h2 class=\"wp-block-heading\">Stronie \u015al\u0105skie &#8211; wypo\u017cyczalnie sprz\u0119tu typu agregaty i nagrzewnice:<\/h2>\n\n\n\n<p>Wszystkie osoby <strong>zainteresowane wypo\u017cyczeniem sprz\u0119tu<\/strong> typu: agregat, nagrzewnica, zapraszamy na <strong>ul. Ko\u015bciuszki 20A<\/strong><\/p>\n\n\n\n<p><strong>PUNKT OTWARTY JEST W GODZINACH:<\/strong><\/p>\n\n\n\n<ul class=\"wp-block-list\">\n<li><strong>12:00- 17:00 &#8211; Poniedzia\u0142ek &#8211; Pi\u0105tek<\/strong><\/li>\n\n\n\n<li><strong>12:00-15:00 &#8211; Sobota<\/strong><\/li>\n<\/ul>\n\n\n\n<p>\u0179r\u00f3d\u0142o: <a href=\"https:\/\/stronie.pl\/6619\/informacja-wypozyczalnia-sprzetu-agregat-nagrzewnice.html\">https:\/\/stronie.pl\/6619\/informacja-wypozyczalnia-sprzetu-agregat-nagrzewnice.html<\/a><\/p>\n\n\n\n<h2 class=\"wp-block-heading\">L\u0105dek-Zdr\u00f3j &#8211; godziny funkcjonowania miejsc wydawania \u017cywno\u015bci, chemii i tekstyli\u00f3w oraz sprz\u0119tu<\/h2>\n\n\n\n<p><strong>WYDAWANIE \u017bYWNO\u015aCI<\/strong><\/p>\n\n\n\n<p>Pl. Starom\u0142y\u0144ski 5 \u2013 Biblioteka CKiR<br>czynne od poniedzia\u0142ku do pi\u0105tku w godzinach 14.00-19.00<br>miejsce zacznie funkcjonowa\u0107 od 25.09.2024<\/p>\n\n\n\n<p><strong>WYDAWANIE CHEMII<\/strong><\/p>\n\n\n\n<p>(\u015brodki czysto\u015bci, higieniczne, pieluchy, podpaski itp.)<br>Ul .Ogrodowa 12 \u2013 pawilon (stary Rossman) parter<br>czynne od poniedzia\u0142ku do pi\u0105tku w godzinach 14.00-19.00<br>w soboty od 9.00 do 13.00<\/p>\n\n\n\n<p><strong>WYDAWANIE TEKSTYLI\u00d3W<\/strong><\/p>\n\n\n\n<p>(ubrania, koce, ko\u0142dry itp.)<br>Ul. Ogrodowa 12 \u2013 pawilon (stary Rossman) 1 pi\u0119tro<br>czynne od poniedzia\u0142ku do pi\u0105tku w godzinach 14.00-19.00<br>w soboty od 9.00 do 13.00<br>miejsce zacznie funkcjonowa\u0107 od 26.09.2024<\/p>\n\n\n\n<p><strong>WYDAWANIE SPRZ\u0118T\u00d3W ELEKTRONICZNYCH<\/strong><\/p>\n\n\n\n<p>(sprz\u0119t AGD, grzejniki, agregaty, osuszacze itp.)<br>Ul. Kolejowa 6 \u2013 Inkubator Przedsi\u0119biorczo\u015bci (dawna Stacja PKP)<br>czynne od poniedzia\u0142ku do pi\u0105tku w godzinach 9.00-16.00<\/p>\n\n\n\n<p><strong>WYDAWANIE \u017bYWNO\u015aCI, CHEMII, DROBNEGO SPRZ\u0118TU DO SPRZ\u0104TANIA, AGREGAT\u00d3W, OSUSZACZY<\/strong><\/p>\n\n\n\n<p>Ul. Orla 7 \u2013 Kinoteatr<br>czynne codziennie w godzinach 9.00-18.00<\/p>\n\n\n\n<figure class=\"wp-block-image size-full\"><img fetchpriority=\"high\" decoding=\"async\" width=\"509\" height=\"720\" src=\"https:\/\/e-pomoc.pl\/wp-content\/uploads\/2024\/09\/ladek_punkty1.jpg\" alt=\"\" class=\"wp-image-958\" srcset=\"https:\/\/e-pomoc.pl\/wp-content\/uploads\/2024\/09\/ladek_punkty1.jpg 509w, https:\/\/e-pomoc.pl\/wp-content\/uploads\/2024\/09\/ladek_punkty1-212x300.jpg 212w\" sizes=\"(max-width: 509px) 100vw, 509px\" \/><\/figure>\n\n\n\n<h2 class=\"wp-block-heading\">Sprawy zwi\u0105zane z gazem &#8211; Kontakt dla powodzian, infolinia Polskiej Sp\u00f3\u0142ki Gazownictwa<\/h2>\n\n\n\n<figure class=\"wp-block-pullquote\"><blockquote><p>We wszelkich sprawach zwi\u0105zanych z przerwami w dost\u0119pie do gazu spowodowanymi sytuacj\u0105 powodziow\u0105 oraz przywracaniem dostaw gazu prosimy o kontakt z infolini\u0105 Polskiej Sp\u00f3\u0142ki Gazownictwa pod numerem <strong>22 444 33 33<\/strong> lub na dedykowany adres mailowy <a href=\"mailto:pomoc@psgaz.pl\">pomoc@psgaz.pl<\/a>. Infolinia dzia\u0142a od poniedzia\u0142ku do pi\u0105tku w godz. 7:00 \u2013 18:00, uruchomili\u015bmy dodatkowo dy\u017cury w sobot\u0119 w godz. 10:00 \u2013 18:00 i zwi\u0119kszyli\u015bmy przepustowo\u015b\u0107 naszej linii.<\/p><cite>\u0179r\u00f3d\u0142o: <a href=\"https:\/\/www.psgaz.pl\/aktualnosci\/kontakt-dla-powodzian\">https:\/\/www.psgaz.pl\/aktualnosci\/kontakt-dla-powodzian<\/a><\/cite><\/blockquote><\/figure>\n\n\n\n<p><\/p>\n","protected":false},"excerpt":{"rendered":"<p>Punkty medyczne L\u0104DEK-ZDR\u00d3J:PUNKT MEDYCZNY URUCHOMIONY W 23 WSZUR &#8211; Kierowa\u0107 si\u0119 do Pawilonu III (\u017ar\u00f3d\u0142o: https:\/\/ladek.pl\/punkt-medyczny-uruchomiony-w-23-wszur\/) Punkt konsultacyjny psychologiczno-psychiatryczny uruchomiony przez 23 Wojskowy Szpital Uzdrowiskowo-Rehabilitacyjny. ul. L\u0105dek Zdr\u00f3j, ul. Orla 3, czynny od poniedzia\u0142ku do pi\u0105tku w godzinach od 9.00 do 13.00 (\u017ar\u00f3d\u0142o: https:\/\/ladek.pl\/23-wszur-uruchamia-punkt-konsultacyjny-psychologiczno-psychiatryczny\/) Punkty dystrybucyjne Je\u015bli chcesz dostarczy\u0107 pomoc osobom, kt\u00f3re dotkn\u0119\u0142a pow\u00f3d\u017a, zr\u00f3b [&hellip;]<\/p>\n","protected":false},"author":1,"featured_media":0,"parent":0,"menu_order":0,"comment_status":"closed","ping_status":"closed","template":"","meta":{"footnotes":""},"class_list":["post-851","page","type-page","status-publish","hentry"],"magazineBlocksPostFeaturedMedia":{"thumbnail":false,"medium":false,"medium_large":false,"large":false,"1536x1536":false,"2048x2048":false},"magazineBlocksPostAuthor":{"name":"jp","avatar":"https:\/\/secure.gravatar.com\/avatar\/f2bc789cc83acb0499e2e52093958ecc0b42ba40b718127cddf9dfa1dfd4902d?s=96&d=mm&r=g"},"magazineBlocksPostCommentsNumber":false,"magazineBlocksPostExcerpt":"Punkty medyczne L\u0104DEK-ZDR\u00d3J:PUNKT MEDYCZNY URUCHOMIONY W 23 WSZUR &#8211; Kierowa\u0107 si\u0119 do Pawilonu III (\u017ar\u00f3d\u0142o: https:\/\/ladek.pl\/punkt-medyczny-uruchomiony-w-23-wszur\/) Punkt konsultacyjny psychologiczno-psychiatryczny uruchomiony przez 23 Wojskowy Szpital Uzdrowiskowo-Rehabilitacyjny. ul. L\u0105dek Zdr\u00f3j, ul. Orla 3, czynny od poniedzia\u0142ku do pi\u0105tku w godzinach od 9.00 do 13.00 (\u017ar\u00f3d\u0142o: https:\/\/ladek.pl\/23-wszur-uruchamia-punkt-konsultacyjny-psychologiczno-psychiatryczny\/) Punkty dystrybucyjne Je\u015bli chcesz dostarczy\u0107 pomoc osobom, kt\u00f3re dotkn\u0119\u0142a pow\u00f3d\u017a, zr\u00f3b [&hellip;]","magazineBlocksPostCategories":[],"_links":{"self":[{"href":"https:\/\/e-pomoc.pl\/index.php?rest_route=\/wp\/v2\/pages\/851","targetHints":{"allow":["GET"]}}],"collection":[{"href":"https:\/\/e-pomoc.pl\/index.php?rest_route=\/wp\/v2\/pages"}],"about":[{"href":"https:\/\/e-pomoc.pl\/index.php?rest_route=\/wp\/v2\/types\/page"}],"author":[{"embeddable":true,"href":"https:\/\/e-pomoc.pl\/index.php?rest_route=\/wp\/v2\/users\/1"}],"replies":[{"embeddable":true,"href":"https:\/\/e-pomoc.pl\/index.php?rest_route=%2Fwp%2Fv2%2Fcomments&post=851"}],"version-history":[{"count":9,"href":"https:\/\/e-pomoc.pl\/index.php?rest_route=\/wp\/v2\/pages\/851\/revisions"}],"predecessor-version":[{"id":959,"href":"https:\/\/e-pomoc.pl\/index.php?rest_route=\/wp\/v2\/pages\/851\/revisions\/959"}],"wp:attachment":[{"href":"https:\/\/e-pomoc.pl\/index.php?rest_route=%2Fwp%2Fv2%2Fmedia&parent=851"}],"curies":[{"name":"wp","href":"https:\/\/api.w.org\/{rel}","templated":true}]}}