{"id":860,"date":"2024-09-23T16:23:42","date_gmt":"2024-09-23T14:23:42","guid":{"rendered":"https:\/\/e-pomoc.pl\/?page_id=860"},"modified":"2024-09-23T16:23:42","modified_gmt":"2024-09-23T14:23:42","slug":"lista-potrzeb","status":"publish","type":"page","link":"https:\/\/e-pomoc.pl\/?page_id=860","title":{"rendered":"Lista potrzeb"},"content":{"rendered":"\n<p>Dzia\u0142 w trakcie tworzenia. Zapraszamy sztaby kryzysowe do zg\u0142aszania zapotrzebowania &#8211; b\u0119dziemy na bie\u017c\u0105co publikowa\u0107.<\/p>\n\n\n\n<p><\/p>\n","protected":false},"excerpt":{"rendered":"<p>Dzia\u0142 w trakcie tworzenia. Zapraszamy sztaby kryzysowe do zg\u0142aszania zapotrzebowania &#8211; b\u0119dziemy na bie\u017c\u0105co publikowa\u0107.<\/p>\n","protected":false},"author":1,"featured_media":0,"parent":0,"menu_order":0,"comment_status":"closed","ping_status":"closed","template":"","meta":{"footnotes":""},"class_list":["post-860","page","type-page","status-publish","hentry"],"magazineBlocksPostFeaturedMedia":{"thumbnail":false,"medium":false,"medium_large":false,"large":false,"1536x1536":false,"2048x2048":false},"magazineBlocksPostAuthor":{"name":"jp","avatar":"https:\/\/secure.gravatar.com\/avatar\/f2bc789cc83acb0499e2e52093958ecc0b42ba40b718127cddf9dfa1dfd4902d?s=96&d=mm&r=g"},"magazineBlocksPostCommentsNumber":false,"magazineBlocksPostExcerpt":"Dzia\u0142 w trakcie tworzenia. Zapraszamy sztaby kryzysowe do zg\u0142aszania zapotrzebowania &#8211; b\u0119dziemy na bie\u017c\u0105co publikowa\u0107.","magazineBlocksPostCategories":[],"_links":{"self":[{"href":"https:\/\/e-pomoc.pl\/index.php?rest_route=\/wp\/v2\/pages\/860","targetHints":{"allow":["GET"]}}],"collection":[{"href":"https:\/\/e-pomoc.pl\/index.php?rest_route=\/wp\/v2\/pages"}],"about":[{"href":"https:\/\/e-pomoc.pl\/index.php?rest_route=\/wp\/v2\/types\/page"}],"author":[{"embeddable":true,"href":"https:\/\/e-pomoc.pl\/index.php?rest_route=\/wp\/v2\/users\/1"}],"replies":[{"embeddable":true,"href":"https:\/\/e-pomoc.pl\/index.php?rest_route=%2Fwp%2Fv2%2Fcomments&post=860"}],"version-history":[{"count":1,"href":"https:\/\/e-pomoc.pl\/index.php?rest_route=\/wp\/v2\/pages\/860\/revisions"}],"predecessor-version":[{"id":861,"href":"https:\/\/e-pomoc.pl\/index.php?rest_route=\/wp\/v2\/pages\/860\/revisions\/861"}],"wp:attachment":[{"href":"https:\/\/e-pomoc.pl\/index.php?rest_route=%2Fwp%2Fv2%2Fmedia&parent=860"}],"curies":[{"name":"wp","href":"https:\/\/api.w.org\/{rel}","templated":true}]}}